{"id":64,"date":"2012-09-23T21:10:08","date_gmt":"2012-09-23T21:10:08","guid":{"rendered":"http:\/\/dev.michaellaitman.kbb1.com\/?page_id=64"},"modified":"2025-05-25T13:43:20","modified_gmt":"2025-05-25T11:43:20","slug":"integral-education-page","status":"publish","type":"page","link":"https:\/\/www.michaellaitman.com\/no\/integral-education-page\/","title":{"rendered":"Integral utdannelse"},"content":{"rendered":"<p><span style=\"font-weight: 400;\">MIchael Laitman er en global tenker dedikert til \u00e5 generere et endrende skifte i samfunnet gjennom en ny global utdanning, som han ser p\u00e5 som n\u00f8kkelen til \u00e5 l\u00f8se det mest presserende sp\u00f8rsm\u00e5l i v\u00e5r tid. Hans visjon for \u00e5 l\u00f8se den globale krisen p\u00e5 alle niv\u00e5er, inkludert utdanning, klimaendringer, sult og alle sosiale og \u00f8konomiske problemer, innb\u00e6rer et nytt omfattende globalt og integral utdanningsprogram.<\/span><\/p>\n<p>&nbsp;<\/p>\n<h1>Integral utdannings prinsipper<\/h1>\n<p><span style=\"font-weight: 400;\">Den verden vi lever i er et stort vidunderlig og intrikat system. Hver del er koblet til, og avhenger av alle de andre delene. I mange ti\u00e5r har denne kompleksitet v\u00e6rt skjult for oss. Vi s\u00e5 verden som en samling av elementer som ikke n\u00f8dvendigvis var knyttet til hverandre, og ikke s\u00e5 avhengig av hverandre som vi oppdager i dag. <\/span><\/p>\n<p><span style=\"font-weight: 400;\">I dagens utdannings system er oppfatningen av virkeligheten som separate elementer, delt inn i diskrete emner, fortsatt det dominerende paradigmet. Det nye integrale syn relatert til verden som et sammenvevd system. Denne oppfatning er grunnlaget for integral utdannelse, og definerer dermed en ny tiln\u00e6rming til undervisning. Med den integrale utdannings metoden trenger ikke elevene l\u00e6re separate emner p\u00e5 en \u201cline\u00e6r\u201d m\u00e5te. Snarere presenteres hvert emne&nbsp;fra et \u201csirkul\u00e6rt\u201d perspektiv, som illustrerer dens forbindelse til alle andre emner.<\/span><\/p>\n<p>&nbsp;<\/p>\n<p><center><iframe loading=\"lazy\" title=\"Youmankind with Michael Laitman\" width=\"550\" height=\"413\" src=\"https:\/\/www.youtube.com\/embed\/HhoTCiNrdW4?list=PLOwgIdsYkvh-iiBDWXq1I8uwjf3EQkX0V\" frameborder=\"0\" allow=\"accelerometer; autoplay; clipboard-write; encrypted-media; gyroscope; picture-in-picture; web-share\" referrerpolicy=\"strict-origin-when-cross-origin\" allowfullscreen><\/iframe><\/center><br \/>\n&nbsp;<\/p>\n<h1>M\u00f8ter med FN og UNESCO<\/h1>\n<p>Dr. Laitman delte nylig prinsippene i det nye pedagogiske paradigmet, og fordelene ved globalt samarbeide med FNs visegeneralsekret\u00e6r Dr. Asha-Rose Migiro, FNs hovedkvarter i New York. Kombinasjonen av sin akademiske bakgrunn i realfag, humaniora og hans forskning innen utdannelse, gj\u00f8r ham til en av de mest etterspurte tenker og taler i verden.<\/p>\n<p><img decoding=\"async\" class=\"size-full wp-image-520 aligncenter\" src=\"http:\/\/www.michaellaitman.com\/no\/wp-content\/uploads\/2012\/09\/meetings.jpg\" alt=\"meetings\" width=\"560\" srcset=\"https:\/\/www.michaellaitman.com\/no\/wp-content\/uploads\/2012\/09\/meetings.jpg 615w, https:\/\/www.michaellaitman.com\/no\/wp-content\/uploads\/2012\/09\/meetings-300x198.jpg 300w\" sizes=\"(max-width: 615px) 100vw, 615px\" \/><\/p>\n<ul style=\"max-width: 560px;\">\n<li style=\"font-weight: 400;\"><span style=\"font-weight: 400;\">Forslag til en integrert utdannings metode presentert for UNESCO generaldirekt\u00f8r Mrs. Irina Bokova i Frankrike<\/span><\/li>\n<li style=\"font-weight: 400;\"><span style=\"font-weight: 400;\">Deltakelse p\u00e5 UNESCO&#8217;s \u00e5rlige evaluering \u201cUtdannelse for alle global overv\u00e5king rapport,\u201d ved Colombia Universitet, New York.<\/span><\/li>\n<li style=\"font-weight: 400;\"><span style=\"font-weight: 400;\">Deltakelse i \u201cBygge fred: forsoning gjennom utdanning, vitenskap, kultur og kommunikasjon,\u201d holdt i FN-hovedkvarteret i New York.<\/span><\/li>\n<li style=\"font-weight: 400;\"><span style=\"font-weight: 400;\">Deltakelse p\u00e5 UNESCO&#8217;s konferanse \u201cUngdommens deltakelse i sosiale endringer: tiltak og deltakelse\u201d i Moskva.<\/span><\/li>\n<li style=\"font-weight: 400;\"><span style=\"font-weight: 400;\">Deltakelse p\u00e5 den 27. Internasjonale kvinnelige leder konferanse om \u201cvitenskap, teknologi og innovasjon: utdanning og oppl\u00e6ring for kvinner og jenter,\u201d organisert av UNESCO.<\/span><\/li>\n<li style=\"font-weight: 400;\"><span style=\"font-weight: 400;\">Forslag \u201cglobal og integral utdanning er l\u00f8sning p\u00e5 krisen,\u201d presenter p\u00e5 den 8 forum for ministere av sosial utvikling Latin Amerika i regi av UNECSO, El Salvador<\/span><\/li>\n<li style=\"font-weight: 400;\"><span style=\"font-weight: 400;\">Forslag \u201cglobal og intergral utdanning er l\u00f8sning p\u00e5 krisen\u201d presentert for FNs visegeneralsekret\u00e6r Dr. Asha Rose Migiro.<\/span><\/li>\n<li style=\"font-weight: 400;\"><span style=\"font-weight: 400;\">Presentasjon \u201cBarn sammeknyttes gjennom sports leker\u201d som presentert i ICSSPE internasjonale konferanse om idrett for utvikling og fred.<\/span><\/li>\n<li style=\"font-weight: 400;\"><span style=\"font-weight: 400;\">Deltakelse i \u201ckvinnelige skuespillere i utvikling for globale utfordringer\u201d konferanse i Paris, som en del av Millenia 2015 internasjonale prosjekt.<\/span><\/li>\n<li style=\"font-weight: 400;\"><span style=\"font-weight: 400;\">Et integrert kurs i utdannings-forslag som en l\u00f8sning for \u00e5 h\u00e5ndtere \u00f8kende antall arbeidsledige presentert for FNs generalsekret\u00e6r Ban Ki-Moon.<\/span><\/li>\n<\/ul>\n<p>&nbsp;<\/p>\n<h1>Publikasjoner<\/h1>\n<h2>Forslag \/ Presentasjoner<\/h2>\n<ul>\n<li><a href=\"http:\/\/www.michaellaitman.com\/no\/wp-content\/uploads\/2014\/09\/globalization-school_ari-institute.pdf\" target=\"_blank\" rel=\"noopener noreferrer\">Globalization School for Citizens of the Interconnected World \u2013 Overview<\/a><\/li>\n<li><a href=\"http:\/\/www.michaellaitman.com\/no\/wp-content\/uploads\/2014\/09\/toward-mutual-commitment_ari-institute.pdf\" target=\"_blank\" rel=\"noopener noreferrer\">Toward Mutual Commitment<\/a><\/li>\n<li><a href=\"http:\/\/www.michaellaitman.com\/no\/wp-content\/uploads\/2014\/09\/we-the-world_ari-institute.pdf\" target=\"_blank\" rel=\"noopener noreferrer\">We, the World<\/a><\/li>\n<li><a href=\"http:\/\/www.michaellaitman.com\/no\/wp-content\/uploads\/2014\/09\/women-leaders-conference-presentation_ari-institute.pdf\" target=\"_blank\" rel=\"noopener noreferrer\">Women Leaders&#8217; Conference Presentation<\/a><\/li>\n<\/ul>\n<div>&nbsp;<\/div>\n<h2>Artikler<\/h2>\n<ul>\n<li><a href=\"http:\/\/www.michaellaitman.com\/no\/articles\/letter-influencers-advance-g-20-cannes-summit\/\">Letter to Influencers in Advance of the G-20 Cannes Summit<\/a><\/li>\n<li><a href=\"http:\/\/www.michaellaitman.com\/no\/articles\/global-education-remedy-crisis\/\">Global Education as a Remedy for the Crisis<\/a><\/li>\n<li><a href=\"http:\/\/www.michaellaitman.com\/no\/articles\/solution-crisis-education-globalism\/\">The Solution to the Crisis: Education for Globalism<\/a><\/li>\n<li><a href=\"http:\/\/www.michaellaitman.com\/no\/articles\/internet-engine-change\/\">Internet: The Engine of Change<\/a><\/li>\n<li><a href=\"http:\/\/www.michaellaitman.com\/no\/articles\/good-education\/\">Good Education<\/a><\/li>\n<li><a href=\"http:\/\/www.michaellaitman.com\/no\/articles\/climate-ball-court\/\">Climate: The Ball Is in Our Court<\/a><\/li>\n<\/ul>\n","protected":false},"excerpt":{"rendered":"<p>MIchael Laitman er en global tenker dedikert til \u00e5 generere et endrende skifte i samfunnet gjennom en ny global utdanning, som han ser p\u00e5 som n\u00f8kkelen til \u00e5 l\u00f8se det mest presserende sp\u00f8rsm\u00e5l i v\u00e5r tid. Hans visjon for \u00e5<span class=\"ellipsis\">&hellip;<\/span><\/p>\n<div class=\"read-more\"><a href=\"https:\/\/www.michaellaitman.com\/no\/integral-education-page\/\">Read more &#8250;<\/a><\/div>\n<p><!-- end of .read-more --><\/p>\n","protected":false},"author":1,"featured_media":0,"parent":0,"menu_order":5,"comment_status":"open","ping_status":"open","template":"content-sidebar-page.php","meta":{"ngg_post_thumbnail":0,"footnotes":""},"class_list":["post-64","page","type-page","status-publish","hentry"],"_links":{"self":[{"href":"https:\/\/www.michaellaitman.com\/no\/wp-json\/wp\/v2\/pages\/64","targetHints":{"allow":["GET"]}}],"collection":[{"href":"https:\/\/www.michaellaitman.com\/no\/wp-json\/wp\/v2\/pages"}],"about":[{"href":"https:\/\/www.michaellaitman.com\/no\/wp-json\/wp\/v2\/types\/page"}],"author":[{"embeddable":true,"href":"https:\/\/www.michaellaitman.com\/no\/wp-json\/wp\/v2\/users\/1"}],"replies":[{"embeddable":true,"href":"https:\/\/www.michaellaitman.com\/no\/wp-json\/wp\/v2\/comments?post=64"}],"version-history":[{"count":5,"href":"https:\/\/www.michaellaitman.com\/no\/wp-json\/wp\/v2\/pages\/64\/revisions"}],"predecessor-version":[{"id":849,"href":"https:\/\/www.michaellaitman.com\/no\/wp-json\/wp\/v2\/pages\/64\/revisions\/849"}],"wp:attachment":[{"href":"https:\/\/www.michaellaitman.com\/no\/wp-json\/wp\/v2\/media?parent=64"}],"curies":[{"name":"wp","href":"https:\/\/api.w.org\/{rel}","templated":true}]}}

<p><span style="font-weight: 400;">MIchael Laitman er en global tenker dedikert til å generere et endrende skifte i samfunnet gjennom en ny global utdanning, som han ser på som nøkkelen til å løse det mest presserende spørsmål i vår tid. Hans visjon for å løse den globale krisen på alle nivåer, inkludert utdanning, klimaendringer, sult og alle sosiale og økonomiske problemer, innbærer et nytt omfattende globalt og integral utdanningsprogram.</span></p>
<p>&nbsp;</p>
<h1>Integral utdannings prinsipper</h1>
<p><span style="font-weight: 400;">Den verden vi lever i er et stort vidunderlig og intrikat system. Hver del er koblet til, og avhenger av alle de andre delene. I mange tiår har denne kompleksitet vært skjult for oss. Vi så verden som en samling av elementer som ikke nødvendigvis var knyttet til hverandre, og ikke så avhengig av hverandre som vi oppdager i dag. </span></p>
<p><span style="font-weight: 400;">I dagens utdannings system er oppfatningen av virkeligheten som separate elementer, delt inn i diskrete emner, fortsatt det dominerende paradigmet. Det nye integrale syn relatert til verden som et sammenvevd system. Denne oppfatning er grunnlaget for integral utdannelse, og definerer dermed en ny tilnærming til undervisning. Med den integrale utdannings metoden trenger ikke elevene lære separate emner på en “lineær” måte. Snarere presenteres hvert emne&nbsp;fra et “sirkulært” perspektiv, som illustrerer dens forbindelse til alle andre emner.</span></p>
<p>&nbsp;</p>
<p><center><iframe loading="lazy" title="Youmankind with Michael Laitman" width="550" height="413" src="https://www.youtube.com/embed/HhoTCiNrdW4?list=PLOwgIdsYkvh-iiBDWXq1I8uwjf3EQkX0V" frameborder="0" allow="accelerometer; autoplay; clipboard-write; encrypted-media; gyroscope; picture-in-picture; web-share" referrerpolicy="strict-origin-when-cross-origin" allowfullscreen></iframe></center><br />
&nbsp;</p>
<h1>Møter med FN og UNESCO</h1>
<p>Dr. Laitman delte nylig prinsippene i det nye pedagogiske paradigmet, og fordelene ved globalt samarbeide med FNs visegeneralsekretær Dr. Asha-Rose Migiro, FNs hovedkvarter i New York. Kombinasjonen av sin akademiske bakgrunn i realfag, humaniora og hans forskning innen utdannelse, gjør ham til en av de mest etterspurte tenker og taler i verden.</p>
<p><img decoding="async" class="size-full wp-image-520 aligncenter" src="http://www.michaellaitman.com/no/wp-content/uploads/2012/09/meetings.jpg" alt="meetings" width="560" srcset="https://www.michaellaitman.com/no/wp-content/uploads/2012/09/meetings.jpg 615w, https://www.michaellaitman.com/no/wp-content/uploads/2012/09/meetings-300x198.jpg 300w" sizes="(max-width: 615px) 100vw, 615px" /></p>
<ul style="max-width: 560px;">
<li style="font-weight: 400;"><span style="font-weight: 400;">Forslag til en integrert utdannings metode presentert for UNESCO generaldirektør Mrs. Irina Bokova i Frankrike</span></li>
<li style="font-weight: 400;"><span style="font-weight: 400;">Deltakelse på UNESCO&#8217;s årlige evaluering “Utdannelse for alle global overvåking rapport,” ved Colombia Universitet, New York.</span></li>
<li style="font-weight: 400;"><span style="font-weight: 400;">Deltakelse i “Bygge fred: forsoning gjennom utdanning, vitenskap, kultur og kommunikasjon,” holdt i FN-hovedkvarteret i New York.</span></li>
<li style="font-weight: 400;"><span style="font-weight: 400;">Deltakelse på UNESCO&#8217;s konferanse “Ungdommens deltakelse i sosiale endringer: tiltak og deltakelse” i Moskva.</span></li>
<li style="font-weight: 400;"><span style="font-weight: 400;">Deltakelse på den 27. Internasjonale kvinnelige leder konferanse om “vitenskap, teknologi og innovasjon: utdanning og opplæring for kvinner og jenter,” organisert av UNESCO.</span></li>
<li style="font-weight: 400;"><span style="font-weight: 400;">Forslag “global og integral utdanning er løsning på krisen,” presenter på den 8 forum for ministere av sosial utvikling Latin Amerika i regi av UNECSO, El Salvador</span></li>
<li style="font-weight: 400;"><span style="font-weight: 400;">Forslag “global og intergral utdanning er løsning på krisen” presentert for FNs visegeneralsekretær Dr. Asha Rose Migiro.</span></li>
<li style="font-weight: 400;"><span style="font-weight: 400;">Presentasjon “Barn sammeknyttes gjennom sports leker” som presentert i ICSSPE internasjonale konferanse om idrett for utvikling og fred.</span></li>
<li style="font-weight: 400;"><span style="font-weight: 400;">Deltakelse i “kvinnelige skuespillere i utvikling for globale utfordringer” konferanse i Paris, som en del av Millenia 2015 internasjonale prosjekt.</span></li>
<li style="font-weight: 400;"><span style="font-weight: 400;">Et integrert kurs i utdannings-forslag som en løsning for å håndtere økende antall arbeidsledige presentert for FNs generalsekretær Ban Ki-Moon.</span></li>
</ul>
<p>&nbsp;</p>
<h1>Publikasjoner</h1>
<h2>Forslag / Presentasjoner</h2>
<ul>
<li><a href="http://www.michaellaitman.com/no/wp-content/uploads/2014/09/globalization-school_ari-institute.pdf" target="_blank" rel="noopener noreferrer">Globalization School for Citizens of the Interconnected World – Overview</a></li>
<li><a href="http://www.michaellaitman.com/no/wp-content/uploads/2014/09/toward-mutual-commitment_ari-institute.pdf" target="_blank" rel="noopener noreferrer">Toward Mutual Commitment</a></li>
<li><a href="http://www.michaellaitman.com/no/wp-content/uploads/2014/09/we-the-world_ari-institute.pdf" target="_blank" rel="noopener noreferrer">We, the World</a></li>
<li><a href="http://www.michaellaitman.com/no/wp-content/uploads/2014/09/women-leaders-conference-presentation_ari-institute.pdf" target="_blank" rel="noopener noreferrer">Women Leaders&#8217; Conference Presentation</a></li>
</ul>
<div>&nbsp;</div>
<h2>Artikler</h2>
<ul>
<li><a href="http://www.michaellaitman.com/no/articles/letter-influencers-advance-g-20-cannes-summit/">Letter to Influencers in Advance of the G-20 Cannes Summit</a></li>
<li><a href="http://www.michaellaitman.com/no/articles/global-education-remedy-crisis/">Global Education as a Remedy for the Crisis</a></li>
<li><a href="http://www.michaellaitman.com/no/articles/solution-crisis-education-globalism/">The Solution to the Crisis: Education for Globalism</a></li>
<li><a href="http://www.michaellaitman.com/no/articles/internet-engine-change/">Internet: The Engine of Change</a></li>
<li><a href="http://www.michaellaitman.com/no/articles/good-education/">Good Education</a></li>
<li><a href="http://www.michaellaitman.com/no/articles/climate-ball-court/">Climate: The Ball Is in Our Court</a></li>
</ul>

<p>MIchael Laitman er en global tenker dedikert til å generere et endrende skifte i samfunnet gjennom en ny global utdanning, som han ser på som nøkkelen til å løse det mest presserende spørsmål i vår tid. Hans visjon for å<span class="ellipsis">&hellip;</span></p>
<div class="read-more"><a href="https://www.michaellaitman.com/no/integral-education-page/">Read more &#8250;</a></div>
<p><!-- end of .read-more --></p>
