{"id":9,"date":"2012-09-19T11:29:06","date_gmt":"2012-09-19T11:29:06","guid":{"rendered":"http:\/\/dev.michaellaitman.kbb1.com\/?page_id=9"},"modified":"2019-04-02T18:58:27","modified_gmt":"2019-04-02T18:58:27","slug":"integral-persective","status":"publish","type":"page","link":"https:\/\/www.michaellaitman.com\/hr\/global-thinker\/integral-persective\/","title":{"rendered":"Integralna perspektiva"},"content":{"rendered":"<div id=\"attachment_127\" style=\"width: 242px\" class=\"wp-caption alignleft\"><a href=\"http:\/\/www.michaellaitman.com\/hr\/person\/integral-persective\/13-2\/\" rel=\"attachment wp-att-127\"><img loading=\"lazy\" decoding=\"async\" aria-describedby=\"caption-attachment-127\" class=\" wp-image-127\" src=\"http:\/\/www.michaellaitman.com\/hr\/wp-content\/uploads\/2012\/09\/131-290x174.jpg\" alt=\"International Conference &quot;Table of Free Voices&quot; in Berlin, Germany\" width=\"232\" height=\"139\"><\/a><p id=\"caption-attachment-127\" class=\"wp-caption-text\">Internacionalna konferencija&nbsp;&#8220;Stol slobodnih glasova&#8221; u Berlinu, Njema\u010dka<\/p><\/div>\n<p><span style=\"font-weight: 400\">Globalna me\u0111upovezanost u dana\u0161nje je vrijeme postala nezaobilazna \u017eivotna \u010dinjenica. <\/span><\/p>\n<p><span style=\"font-weight: 400\">Me\u0111utim, \u010dovje\u010danstvo jo\u0161 uvijek nije zavr\u0161ilo tranziciju svoje svijesti, svojih vrijednosti i svojih sustava kako bi se prilagodilo novom stadiju.<\/span><\/p>\n<p><span style=\"font-weight: 400\">Pronala\u017eenje rje\u0161enja za te pote\u0161ko\u0107e podrazumijeva u\u010denje \u010dovje\u010danstva kako se najbolje integrirati u novu, globalno povezanu paradigmu; \u0161to u su\u0161tini zna\u010di u\u010diti kako \u017eivjeti odgovorno na svjetskoj razini. <\/span><\/p>\n<p><span style=\"font-weight: 400\">Kao \u0161to mo\u017eemo vidjeti, dru\u0161tveni, politi\u010dki i ekonomski sustavi unutar kojih smo godinama \u017eivjeli ne mogu se nositi s rastu\u0107im fenomenom globalne me\u0111uovisnosti. <\/span><\/p>\n<p><span style=\"font-weight: 400\">Upravo zato pro\u017eivljavamo vrhunac problema i ustanke uzrokovane financijskom krizom diljem svijeta, \u0161to stvara rastu\u0107u transformaciju na globalnoj razini.<\/span><\/p>\n<p><span style=\"font-weight: 400\">Dana\u0161nja ekonomija, vo\u0111ena vrijednostima osobnih interesa, ne mo\u017ee opstati u ovom novom, globalno povezanom radnom okviru. Ove nove okolnosti zahtijevaju od ljudi da u\u010dine zna\u010dajne promjene kako bismo doslovno postali globalnima i nau\u010dili kako uskladiti na\u0161 \u017eivotni stil s novim globalnim okolnostima.<\/span><\/p>\n<p>&nbsp;<\/p>\n","protected":false},"excerpt":{"rendered":"<p>Globalna me\u0111upovezanost u dana\u0161nje je vrijeme postala nezaobilazna \u017eivotna \u010dinjenica. Me\u0111utim, \u010dovje\u010danstvo jo\u0161 uvijek nije zavr\u0161ilo tranziciju svoje svijesti, svojih vrijednosti i svojih sustava kako bi se prilagodilo novom stadiju. Pronala\u017eenje rje\u0161enja za te pote\u0161ko\u0107e podrazumijeva u\u010denje \u010dovje\u010danstva kako se<span class=\"ellipsis\">&hellip;<\/span><\/p>\n<div class=\"read-more\"><a href=\"https:\/\/www.michaellaitman.com\/hr\/global-thinker\/integral-persective\/\">Read more &#8250;<\/a><\/div>\n<p><!-- end of .read-more --><\/p>\n","protected":false},"author":1,"featured_media":0,"parent":32,"menu_order":2,"comment_status":"open","ping_status":"open","template":"sidebar-content-page.php","meta":{"ngg_post_thumbnail":0,"footnotes":""},"class_list":["post-9","page","type-page","status-publish","hentry"],"_links":{"self":[{"href":"https:\/\/www.michaellaitman.com\/hr\/wp-json\/wp\/v2\/pages\/9","targetHints":{"allow":["GET"]}}],"collection":[{"href":"https:\/\/www.michaellaitman.com\/hr\/wp-json\/wp\/v2\/pages"}],"about":[{"href":"https:\/\/www.michaellaitman.com\/hr\/wp-json\/wp\/v2\/types\/page"}],"author":[{"embeddable":true,"href":"https:\/\/www.michaellaitman.com\/hr\/wp-json\/wp\/v2\/users\/1"}],"replies":[{"embeddable":true,"href":"https:\/\/www.michaellaitman.com\/hr\/wp-json\/wp\/v2\/comments?post=9"}],"version-history":[{"count":1,"href":"https:\/\/www.michaellaitman.com\/hr\/wp-json\/wp\/v2\/pages\/9\/revisions"}],"predecessor-version":[{"id":613,"href":"https:\/\/www.michaellaitman.com\/hr\/wp-json\/wp\/v2\/pages\/9\/revisions\/613"}],"up":[{"embeddable":true,"href":"https:\/\/www.michaellaitman.com\/hr\/wp-json\/wp\/v2\/pages\/32"}],"wp:attachment":[{"href":"https:\/\/www.michaellaitman.com\/hr\/wp-json\/wp\/v2\/media?parent=9"}],"curies":[{"name":"wp","href":"https:\/\/api.w.org\/{rel}","templated":true}]}}

<div id="attachment_127" style="width: 242px" class="wp-caption alignleft"><a href="http://www.michaellaitman.com/hr/person/integral-persective/13-2/" rel="attachment wp-att-127"><img loading="lazy" decoding="async" aria-describedby="caption-attachment-127" class=" wp-image-127" src="http://www.michaellaitman.com/hr/wp-content/uploads/2012/09/131-290x174.jpg" alt="International Conference &quot;Table of Free Voices&quot; in Berlin, Germany" width="232" height="139"></a><p id="caption-attachment-127" class="wp-caption-text">Internacionalna konferencija&nbsp;&#8220;Stol slobodnih glasova&#8221; u Berlinu, Njemačka</p></div>
<p><span style="font-weight: 400">Globalna međupovezanost u današnje je vrijeme postala nezaobilazna životna činjenica. </span></p>
<p><span style="font-weight: 400">Međutim, čovječanstvo još uvijek nije završilo tranziciju svoje svijesti, svojih vrijednosti i svojih sustava kako bi se prilagodilo novom stadiju.</span></p>
<p><span style="font-weight: 400">Pronalaženje rješenja za te poteškoće podrazumijeva učenje čovječanstva kako se najbolje integrirati u novu, globalno povezanu paradigmu; što u suštini znači učiti kako živjeti odgovorno na svjetskoj razini. </span></p>
<p><span style="font-weight: 400">Kao što možemo vidjeti, društveni, politički i ekonomski sustavi unutar kojih smo godinama živjeli ne mogu se nositi s rastućim fenomenom globalne međuovisnosti. </span></p>
<p><span style="font-weight: 400">Upravo zato proživljavamo vrhunac problema i ustanke uzrokovane financijskom krizom diljem svijeta, što stvara rastuću transformaciju na globalnoj razini.</span></p>
<p><span style="font-weight: 400">Današnja ekonomija, vođena vrijednostima osobnih interesa, ne može opstati u ovom novom, globalno povezanom radnom okviru. Ove nove okolnosti zahtijevaju od ljudi da učine značajne promjene kako bismo doslovno postali globalnima i naučili kako uskladiti naš životni stil s novim globalnim okolnostima.</span></p>
<p>&nbsp;</p>

<p>Globalna međupovezanost u današnje je vrijeme postala nezaobilazna životna činjenica. Međutim, čovječanstvo još uvijek nije završilo tranziciju svoje svijesti, svojih vrijednosti i svojih sustava kako bi se prilagodilo novom stadiju. Pronalaženje rješenja za te poteškoće podrazumijeva učenje čovječanstva kako se<span class="ellipsis">&hellip;</span></p>
<div class="read-more"><a href="https://www.michaellaitman.com/hr/global-thinker/integral-persective/">Read more &#8250;</a></div>
<p><!-- end of .read-more --></p>
