{"id":716,"date":"2019-05-13T09:44:01","date_gmt":"2019-05-13T08:44:01","guid":{"rendered":"https:\/\/www.michaellaitman.com\/fr\/?page_id=716"},"modified":"2020-01-05T10:28:50","modified_gmt":"2020-01-05T09:28:50","slug":"antisemitisme","status":"publish","type":"page","link":"https:\/\/www.michaellaitman.com\/fr\/antisemitisme\/","title":{"rendered":"Antis\u00e9mitisme"},"content":{"rendered":"\n<p><br><\/p>\n\n\n\n<p style=\"text-align:left\"><strong>Pourquoi nous d\u00e9testent-ils, nous les Juifs?<br><\/strong><\/p>\n\n\n\n<p>Les antis\u00e9mites ressentent une d\u00e9pendance \u00e0 l\u2019\u00e9gard des Juifs. Selon eux, les Juifs sont la cause du mal. Cette sensation existe en tout un chacun, plus ou moins consciemment.<\/p>\n\n\n\n<p>Les antis\u00e9mites accusent les Juifs de toute la d\u00e9cadence du monde et ce dans tous les domaines: dans l\u2019\u00e9conomie, les m\u00e9dias, l\u2019arm\u00e9e et dans la politique.&nbsp;<br><\/p>\n\n\n\n<p>Bien que les Juifs ne repr\u00e9sentent que 0.19% de la population mondiale, les sondages montrent que les antis\u00e9mites pensent qu\u2019ils repr\u00e9sentent plus de 20%.<br><\/p>\n\n\n\n<p>Ils sont convaincus que derri\u00e8re tout ce qui se passe dans le monde &#8211; qu\u2019il s\u2019agisse d\u2019un conflit local ou de diff\u00e9rends internationaux- se trouvent les Juifs. De m\u00eame, lorsque le monde conna\u00eet une p\u00e9riode d\u2019apaisement et de calme, l\u2019antis\u00e9mitisme lui aussi conna\u00eet une accalmie.&nbsp;<br><\/p>\n\n\n\n<p>D\u2019o\u00f9 vient ce sentiment de d\u00e9pendance? Nous faisons tous partis d\u2019un m\u00eame r\u00e9seau de connexion. D\u2019apr\u00e8s la sagesse de la Kabbale, les Juifs doivent transmettre \u00e0 l\u2019humanit\u00e9 un savoir qui permettra \u00e0 tout le monde de vivre ensemble.<br><\/p>\n\n\n\n<p>Tant que les Juifs n\u2019accomplissent pas ce r\u00f4le de transmission, l\u2019humanit\u00e9 souffre. Cette derni\u00e8re n\u2019est pas vraiment consciente de la raison de son mal \u00eatre, mais inconsciemment ce sentiment de d\u00e9pendance est enracin\u00e9 dans la nature humaine et fait qu\u2019elle accuse les Juifs de ne pas lui donner les clefs du bonheur qu\u2019elle m\u00e9rite, le programme de correction du monde.<br><\/p>\n\n\n\n<p>Les Juifs eux-m\u00eames ne savaient pas qu\u2019ils disposaient d\u2019une telle force en eux, et ont \u00e9norm\u00e9ment souffert de l\u2019antis\u00e9mitisme, et ce \u00e0 toutes les \u00e9poques, sans en comprendre la raison profonde. Cependant, de nos jours, la m\u00e9thode de la correction de la sagesse de la Kabbale devient de plus en plus \u00e9tudi\u00e9e au sein du peuple d\u2019Isra\u00ebl. D\u00e8s l\u2019instant o\u00f9 elle sera diffus\u00e9e dans le monde entier, la paix et la s\u00e9curit\u00e9 r\u00e9gneront entre les peuples et fera dispara\u00eetre l\u2019ancestrale haine des Juifs.<br><\/p>\n\n\n\n<p><strong>Pourquoi les Juifs se d\u00e9testent-ils entre eux?<\/strong><br><\/p>\n\n\n\n<p>Nous sommes tous pouss\u00e9s \u00e0 ha\u00efr ce qui nous fait mal et peur. Le fait que les Juifs n\u2019accomplissent pas leur r\u00f4le engendre le r\u00e9veil de la haine, de l\u2019antis\u00e9mitisme. Certains d\u2019entre eux se sentent d\u00e9favoris\u00e9s et stress\u00e9s \u00e0 cause de l\u2019antis\u00e9mitisme. Pour fuir ce sentiment, certains se sont install\u00e9s dans diff\u00e9rents pays et ont cach\u00e9 leur identit\u00e9 juive. Pire encore, ils d\u00e9testent les Juifs consciemment ou inconsciemment.&nbsp;<br><\/p>\n\n\n\n<p>Nous savons que dans toute organisation internationale et plus pr\u00e9cis\u00e9ment celles qui agissent contre le peuple Juif et contre l\u2019Etat d\u2019Isra\u00ebl, comme le BDS, il y a des activistes Juifs et des Isra\u00e9liens. Ce sont les pires antis\u00e9mites qui soient. En agissant ainsi, ils cherchent \u00e0 s\u2019exempter de leur mission, ils d\u00e9racinent leur racine spirituelle. Ils pensent m\u00eame que s\u2019ils se convertissent \u00e0 l\u2019Islam ou au Christianisme, ils perdront leur g\u00e8ne spirituel inscrit en eux, cependant une telle chose est impossible.&nbsp;<br><\/p>\n\n\n\n<p>Les Juifs resteront pour toujours et \u00e0 jamais Juifs, parce que leur racine spirituelle juive se trouve au-dessus de la nature, et qu\u2019elle le leur impose. De leur c\u00f4t\u00e9, les nations du monde peuvent, si elles le d\u00e9sirent, devenir juives.<br><\/p>\n\n\n\n<p>Tant que les Juifs ne reconna\u00eetront pas qui ils sont, ils ne pourront pas choisir leur avenir. Cette ignorance les conduira \u00e0 ha\u00efr encore plus le peuple d\u2019Isra\u00ebl et \u00e0 agir de toutes ses forces \u00e0 son encontre.<br><\/p>\n\n\n\n<p><strong>Pourquoi les nations du monde pensent que les Juifs complotent pour contr\u00f4ler le monde?<\/strong><br><\/p>\n\n\n\n<p>Cette id\u00e9e vient du fait que les Juifs dispose de la m\u00e9thode de correction du monde. Cette m\u00e9thode doit \u00eatre transmise \u00e0 tous les peuples et elle apportera la paix et l\u2019\u00e9ternit\u00e9.<br><\/p>\n\n\n\n<p>Les nations du monde le ressentent inconsciemment mais ne savent pas d\u2019o\u00f9 ce sentiment vient, son origine, et elle sentent qu\u2019elles d\u00e9pendent des Juifs parce qu\u2019ils sont les d\u00e9positaires de cette m\u00e9thode \u00e0 transmettre. Les gens pensent que les Juifs ont un secret qu\u2019ils refusent de r\u00e9v\u00e9ler, le secret du bonheur de toute l\u2019humanit\u00e9 qui r\u00e9soudra tous les probl\u00e8mes et qu\u2019\u00e0 la place, ils complotent pour contr\u00f4ler le monde entier.<br><\/p>\n\n\n\n<p>Cette attitude a commenc\u00e9 apr\u00e8s la destruction du second Temple et continuera tant que les Juifs ne transmettront pas la m\u00e9thode de correction de l\u2019homme, en lui expliquant quelle est sa nature et comment il doit se comporter pour vivre en harmonie et en \u00e9quilibre avec les forces de la nature afin de vivre heureux.<br><\/p>\n\n\n\n<p><strong>Pourquoi les nazis d\u00e9testaient-ils les Juifs?<\/strong><br><\/p>\n\n\n\n<p>Premi\u00e8re raison: Le parti nazi s\u2019en est servi comme une possibilit\u00e9 d\u2019unir le peuple allemand apr\u00e8s la premi\u00e8re guerre mondiale et apr\u00e8s la crise de 1929 qui a profond\u00e9ment touch\u00e9e l\u2019\u00e9conomie allemande. Hitler s\u2019est servi de l\u2019antis\u00e9mitisme pour assouvir des ambitions politiques et acc\u00e9der au pouvoir. Il convient de pr\u00e9ciser que tous les Allemands n\u2019\u00e9taient pas antis\u00e9mites. Hitler a re\u00e7u le soutien de nombreux pays d\u2019Europe et des Etats-Unis.<br><\/p>\n\n\n\n<p>Deuxi\u00e8me raison: Depuis des milliers d\u2019ann\u00e9es, les Juifs se sont illustr\u00e9s dans de nombreux domaines: politique; \u00e9conomique, juridique, m\u00e9dical, social, technologique etc. Le r\u00e9gime nazi y voyait une menace puisque le pangermanisme voulait diriger le monde entier et la pr\u00e9sence juive sur tous les continents \u00e9tait g\u00eanante. Il voyait les Juifs comme un obstacle \u00e0 sa domination. C\u2019est pourquoi, les nazis ont commenc\u00e9 \u00e0 oeuvrer contre les Juifs en prenant des mesures discriminatoires qui ont escalad\u00e9 jusqu\u2019\u00e0 l\u2019extermination.<br><\/p>\n\n\n\n<p>Le nazisme s\u2019est bas\u00e9 sur le racisme qui s\u2019est d\u00e9velopp\u00e9 au 19\u00e8me si\u00e8cle avec le Darwinisme social qui pr\u00e9conise la domination par une \u00e9lite et l\u2019\u00e9limination des races humaines et des \u00eatres les plus faibles.<br><\/p>\n\n\n\n<p>C\u2019est cette id\u00e9ologie que les nazis ont reprises pour justifier leur politique antis\u00e9mite. Les Juifs sont une race inf\u00e9rieure qui nuit \u00e0 la soci\u00e9t\u00e9. Ils ont donc cherch\u00e9 \u00e0 montrer que les Juifs avaient des g\u00e8nes diff\u00e9rents des autres \u00eatres humains. Ils n\u2019ont pas h\u00e9sit\u00e9 \u00e0 faire des exp\u00e9rimentations, n\u00e9anmoins, ils ne sont pas arriv\u00e9s \u00e0 le prouver. En effet, le \u201cg\u00e8ne\u201d juif est spirituel qui se compose de l\u2019union de tous les peuples vivant \u00e0 l\u2019\u00e9poque d\u2019Abraham, \u00e0 Babylone il y a plus de 3800 ans.&nbsp;<br><\/p>\n\n\n\n<p><strong>Pourquoi les Juifs sont-ils admir\u00e9s par les non-juifs?<\/strong><br><\/p>\n\n\n\n<p>Les Juifs ont une racine spirituelle qu\u2019aucun autre peuple n\u2019a. Cette racine spirituelle est la source de tout le bien qui doit \u00eatre transmis \u00e0 l\u2019ensemble de l\u2019humanit\u00e9, par un interm\u00e9diaire, un relai entre la force sup\u00e9rieure et l\u201dhumanit\u00e9. Telle est le r\u00f4le du peuple Juif: \u00eatre la lumi\u00e8re pour les nations du monde.&nbsp;<br><\/p>\n\n\n\n<p>L\u2019humanit\u00e9 le ressent et \u00e9veille en elle soit de l\u2019admiration soit de la haine.&nbsp;<br><\/p>\n\n\n\n<p>Ainsi de c\u00e9l\u00e8bres auteurs ont exprim\u00e9 leur admiration:<br><\/p>\n\n\n\n<p>&nbsp;\u201cUn Juif est un \u00eatre sacr\u00e9 qui s\u2019est procur\u00e9 un feu \u00e9ternel du ciel et, avec lui il \u00e9claire la terre et ceux qui y vivent. Il est le printemps et la source d\u2019o\u00f9 le reste des nations a puis\u00e9 leurs religions et leurs croyances&#8230;Un Juif est \u00e9ternel, il est une incarnation de l\u2019\u00e9ternit\u00e9.<\/p>\n\n\n\n<p>L\u00e9on Tolsto\u00ef 1891 (<em>Qu\u2019est-ce qu\u2019un Juif <\/em>?, imprim\u00e9 dans la Revue du monde juif, 1908)<\/p>\n\n\n\n<p>\u00ab Certains aiment les Juifs, et d&rsquo;autres non. Mais aucun homme de r\u00e9flexion ne peut nier le fait qu&rsquo;ils sont, au-del\u00e0 de toute question, la \u201crace\u201d la plus formidable et la plus remarquable qui soit apparue dans le monde. \u00bb<\/p>\n\n\n\n<p><strong>Winston Churchill<\/strong>, Premier ministre de Grande-Bretagne<\/p>\n\n\n\n<p>\u00ab Assur\u00e9ment, un monde sans Juifs aurait \u00e9t\u00e9 un endroit radicalement diff\u00e9rent. L\u2019humanit\u00e9 aurait pu, t\u00f4t ou tard, finir par tr\u00e9bucher sur toutes les valeurs juives. Mais rien n\u2019est moins s\u00fbr. Toutes les grandes d\u00e9couvertes conceptuelles de l\u2019intellect humain semblent \u00e9videntes et incontournables une fois qu\u2019elles ont \u00e9t\u00e9 r\u00e9v\u00e9l\u00e9es, mais il faut un g\u00e9nie particulier pour les formuler pour la premi\u00e8re fois. Les Juifs ont eu ce don. C\u2019est \u00e0 eux que nous devons l\u2019id\u00e9e d\u2019\u00e9galit\u00e9 devant la loi, tant divine qu\u2019humaine ; celle de la saintet\u00e9 de la vie et de la dignit\u00e9 de l\u2019\u00eatre humain ; celle de la conscience individuelle et donc celle de la r\u00e9demption personnelle ; celle de la conscience collective et donc celle de la responsabilit\u00e9 sociale ; celle de la paix en tant qu\u2019id\u00e9al abstrait et de l\u2019amour comme fondement de la justice, et bien d\u2019autres notions qui constituent le substrat moral fondamental de l\u2019esprit humain. Sans les Juifs, [le monde] aurait pu \u00eatre un lieu bien plus vide. \u00bb<\/p>\n\n\n\n<p><strong>Paul Johnson<\/strong>, Une histoire des Juifs, \u00c9pilogue<\/p>\n\n\n\n<p>\u201cCe peuple n&rsquo;est pas seulement consid\u00e9rable par son antiquit\u00e9 mais il est encore singulier en sa dur\u00e9e, qui a toujours continu\u00e9 depuis son origine jusqu&rsquo;\u00e0 maintenant&#8230; ceux-ci subsistent toujours et malgr\u00e9 les entreprises de tant de puissants rois qui ont cent fois essay\u00e9 de les faire p\u00e9rir\u201d.<br><strong>Blaise Pascal<\/strong> Pens\u00e9es; S\u00e9rie 6 &#8211; Les avantages du peuple Juif:<br><\/p>\n","protected":false},"excerpt":{"rendered":"<p>Pourquoi nous d\u00e9testent-ils, nous les Juifs? Les antis\u00e9mites ressentent une d\u00e9pendance \u00e0 l\u2019\u00e9gard des Juifs. Selon eux, les Juifs sont la cause du mal. Cette sensation existe en tout un chacun, plus ou moins consciemment. Les antis\u00e9mites accusent les Juifs<span class=\"ellipsis\">&hellip;<\/span><\/p>\n<div class=\"read-more\"><a href=\"https:\/\/www.michaellaitman.com\/fr\/antisemitisme\/\">Lire la suite &#8250;<\/a><\/div>\n<p><!-- end of .read-more --><\/p>\n","protected":false},"author":46,"featured_media":0,"parent":0,"menu_order":1,"comment_status":"closed","ping_status":"closed","template":"content-sidebar-page.php","meta":{"ngg_post_thumbnail":0,"footnotes":""},"class_list":["post-716","page","type-page","status-publish","hentry"],"_links":{"self":[{"href":"https:\/\/www.michaellaitman.com\/fr\/wp-json\/wp\/v2\/pages\/716","targetHints":{"allow":["GET"]}}],"collection":[{"href":"https:\/\/www.michaellaitman.com\/fr\/wp-json\/wp\/v2\/pages"}],"about":[{"href":"https:\/\/www.michaellaitman.com\/fr\/wp-json\/wp\/v2\/types\/page"}],"author":[{"embeddable":true,"href":"https:\/\/www.michaellaitman.com\/fr\/wp-json\/wp\/v2\/users\/46"}],"replies":[{"embeddable":true,"href":"https:\/\/www.michaellaitman.com\/fr\/wp-json\/wp\/v2\/comments?post=716"}],"version-history":[{"count":0,"href":"https:\/\/www.michaellaitman.com\/fr\/wp-json\/wp\/v2\/pages\/716\/revisions"}],"wp:attachment":[{"href":"https:\/\/www.michaellaitman.com\/fr\/wp-json\/wp\/v2\/media?parent=716"}],"curies":[{"name":"wp","href":"https:\/\/api.w.org\/{rel}","templated":true}]}}

Antisémitisme

<p><br></p>



<p style="text-align:left"><strong>Pourquoi nous détestent-ils, nous les Juifs?<br></strong></p>



<p>Les antisémites ressentent une dépendance à l’égard des Juifs. Selon eux, les Juifs sont la cause du mal. Cette sensation existe en tout un chacun, plus ou moins consciemment.</p>



<p>Les antisémites accusent les Juifs de toute la décadence du monde et ce dans tous les domaines: dans l’économie, les médias, l’armée et dans la politique.&nbsp;<br></p>



<p>Bien que les Juifs ne représentent que 0.19% de la population mondiale, les sondages montrent que les antisémites pensent qu’ils représentent plus de 20%.<br></p>



<p>Ils sont convaincus que derrière tout ce qui se passe dans le monde &#8211; qu’il s’agisse d’un conflit local ou de différends internationaux- se trouvent les Juifs. De même, lorsque le monde connaît une période d’apaisement et de calme, l’antisémitisme lui aussi connaît une accalmie.&nbsp;<br></p>



<p>D’où vient ce sentiment de dépendance? Nous faisons tous partis d’un même réseau de connexion. D’après la sagesse de la Kabbale, les Juifs doivent transmettre à l’humanité un savoir qui permettra à tout le monde de vivre ensemble.<br></p>



<p>Tant que les Juifs n’accomplissent pas ce rôle de transmission, l’humanité souffre. Cette dernière n’est pas vraiment consciente de la raison de son mal être, mais inconsciemment ce sentiment de dépendance est enraciné dans la nature humaine et fait qu’elle accuse les Juifs de ne pas lui donner les clefs du bonheur qu’elle mérite, le programme de correction du monde.<br></p>



<p>Les Juifs eux-mêmes ne savaient pas qu’ils disposaient d’une telle force en eux, et ont énormément souffert de l’antisémitisme, et ce à toutes les époques, sans en comprendre la raison profonde. Cependant, de nos jours, la méthode de la correction de la sagesse de la Kabbale devient de plus en plus étudiée au sein du peuple d’Israël. Dès l’instant où elle sera diffusée dans le monde entier, la paix et la sécurité régneront entre les peuples et fera disparaître l’ancestrale haine des Juifs.<br></p>



<p><strong>Pourquoi les Juifs se détestent-ils entre eux?</strong><br></p>



<p>Nous sommes tous poussés à haïr ce qui nous fait mal et peur. Le fait que les Juifs n’accomplissent pas leur rôle engendre le réveil de la haine, de l’antisémitisme. Certains d’entre eux se sentent défavorisés et stressés à cause de l’antisémitisme. Pour fuir ce sentiment, certains se sont installés dans différents pays et ont caché leur identité juive. Pire encore, ils détestent les Juifs consciemment ou inconsciemment.&nbsp;<br></p>



<p>Nous savons que dans toute organisation internationale et plus précisément celles qui agissent contre le peuple Juif et contre l’Etat d’Israël, comme le BDS, il y a des activistes Juifs et des Israéliens. Ce sont les pires antisémites qui soient. En agissant ainsi, ils cherchent à s’exempter de leur mission, ils déracinent leur racine spirituelle. Ils pensent même que s’ils se convertissent à l’Islam ou au Christianisme, ils perdront leur gène spirituel inscrit en eux, cependant une telle chose est impossible.&nbsp;<br></p>



<p>Les Juifs resteront pour toujours et à jamais Juifs, parce que leur racine spirituelle juive se trouve au-dessus de la nature, et qu’elle le leur impose. De leur côté, les nations du monde peuvent, si elles le désirent, devenir juives.<br></p>



<p>Tant que les Juifs ne reconnaîtront pas qui ils sont, ils ne pourront pas choisir leur avenir. Cette ignorance les conduira à haïr encore plus le peuple d’Israël et à agir de toutes ses forces à son encontre.<br></p>



<p><strong>Pourquoi les nations du monde pensent que les Juifs complotent pour contrôler le monde?</strong><br></p>



<p>Cette idée vient du fait que les Juifs dispose de la méthode de correction du monde. Cette méthode doit être transmise à tous les peuples et elle apportera la paix et l’éternité.<br></p>



<p>Les nations du monde le ressentent inconsciemment mais ne savent pas d’où ce sentiment vient, son origine, et elle sentent qu’elles dépendent des Juifs parce qu’ils sont les dépositaires de cette méthode à transmettre. Les gens pensent que les Juifs ont un secret qu’ils refusent de révéler, le secret du bonheur de toute l’humanité qui résoudra tous les problèmes et qu’à la place, ils complotent pour contrôler le monde entier.<br></p>



<p>Cette attitude a commencé après la destruction du second Temple et continuera tant que les Juifs ne transmettront pas la méthode de correction de l’homme, en lui expliquant quelle est sa nature et comment il doit se comporter pour vivre en harmonie et en équilibre avec les forces de la nature afin de vivre heureux.<br></p>



<p><strong>Pourquoi les nazis détestaient-ils les Juifs?</strong><br></p>



<p>Première raison: Le parti nazi s’en est servi comme une possibilité d’unir le peuple allemand après la première guerre mondiale et après la crise de 1929 qui a profondément touchée l’économie allemande. Hitler s’est servi de l’antisémitisme pour assouvir des ambitions politiques et accéder au pouvoir. Il convient de préciser que tous les Allemands n’étaient pas antisémites. Hitler a reçu le soutien de nombreux pays d’Europe et des Etats-Unis.<br></p>



<p>Deuxième raison: Depuis des milliers d’années, les Juifs se sont illustrés dans de nombreux domaines: politique; économique, juridique, médical, social, technologique etc. Le régime nazi y voyait une menace puisque le pangermanisme voulait diriger le monde entier et la présence juive sur tous les continents était gênante. Il voyait les Juifs comme un obstacle à sa domination. C’est pourquoi, les nazis ont commencé à oeuvrer contre les Juifs en prenant des mesures discriminatoires qui ont escaladé jusqu’à l’extermination.<br></p>



<p>Le nazisme s’est basé sur le racisme qui s’est développé au 19ème siècle avec le Darwinisme social qui préconise la domination par une élite et l’élimination des races humaines et des êtres les plus faibles.<br></p>



<p>C’est cette idéologie que les nazis ont reprises pour justifier leur politique antisémite. Les Juifs sont une race inférieure qui nuit à la société. Ils ont donc cherché à montrer que les Juifs avaient des gènes différents des autres êtres humains. Ils n’ont pas hésité à faire des expérimentations, néanmoins, ils ne sont pas arrivés à le prouver. En effet, le “gène” juif est spirituel qui se compose de l’union de tous les peuples vivant à l’époque d’Abraham, à Babylone il y a plus de 3800 ans.&nbsp;<br></p>



<p><strong>Pourquoi les Juifs sont-ils admirés par les non-juifs?</strong><br></p>



<p>Les Juifs ont une racine spirituelle qu’aucun autre peuple n’a. Cette racine spirituelle est la source de tout le bien qui doit être transmis à l’ensemble de l’humanité, par un intermédiaire, un relai entre la force supérieure et l”humanité. Telle est le rôle du peuple Juif: être la lumière pour les nations du monde.&nbsp;<br></p>



<p>L’humanité le ressent et éveille en elle soit de l’admiration soit de la haine.&nbsp;<br></p>



<p>Ainsi de célèbres auteurs ont exprimé leur admiration:<br></p>



<p>&nbsp;“Un Juif est un être sacré qui s’est procuré un feu éternel du ciel et, avec lui il éclaire la terre et ceux qui y vivent. Il est le printemps et la source d’où le reste des nations a puisé leurs religions et leurs croyances&#8230;Un Juif est éternel, il est une incarnation de l’éternité.</p>



<p>Léon Tolstoï 1891 (<em>Qu’est-ce qu’un Juif </em>?, imprimé dans la Revue du monde juif, 1908)</p>



<p>« Certains aiment les Juifs, et d&rsquo;autres non. Mais aucun homme de réflexion ne peut nier le fait qu&rsquo;ils sont, au-delà de toute question, la “race” la plus formidable et la plus remarquable qui soit apparue dans le monde. »</p>



<p><strong>Winston Churchill</strong>, Premier ministre de Grande-Bretagne</p>



<p>« Assurément, un monde sans Juifs aurait été un endroit radicalement différent. L’humanité aurait pu, tôt ou tard, finir par trébucher sur toutes les valeurs juives. Mais rien n’est moins sûr. Toutes les grandes découvertes conceptuelles de l’intellect humain semblent évidentes et incontournables une fois qu’elles ont été révélées, mais il faut un génie particulier pour les formuler pour la première fois. Les Juifs ont eu ce don. C’est à eux que nous devons l’idée d’égalité devant la loi, tant divine qu’humaine ; celle de la sainteté de la vie et de la dignité de l’être humain ; celle de la conscience individuelle et donc celle de la rédemption personnelle ; celle de la conscience collective et donc celle de la responsabilité sociale ; celle de la paix en tant qu’idéal abstrait et de l’amour comme fondement de la justice, et bien d’autres notions qui constituent le substrat moral fondamental de l’esprit humain. Sans les Juifs, [le monde] aurait pu être un lieu bien plus vide. »</p>



<p><strong>Paul Johnson</strong>, Une histoire des Juifs, Épilogue</p>



<p>“Ce peuple n&rsquo;est pas seulement considérable par son antiquité mais il est encore singulier en sa durée, qui a toujours continué depuis son origine jusqu&rsquo;à maintenant&#8230; ceux-ci subsistent toujours et malgré les entreprises de tant de puissants rois qui ont cent fois essayé de les faire périr”.<br><strong>Blaise Pascal</strong> Pensées; Série 6 &#8211; Les avantages du peuple Juif:<br></p>

<p>Pourquoi nous détestent-ils, nous les Juifs? Les antisémites ressentent une dépendance à l’égard des Juifs. Selon eux, les Juifs sont la cause du mal. Cette sensation existe en tout un chacun, plus ou moins consciemment. Les antisémites accusent les Juifs<span class="ellipsis">&hellip;</span></p>
<div class="read-more"><a href="https://www.michaellaitman.com/fr/antisemitisme/">Lire la suite &#8250;</a></div>
<p><!-- end of .read-more --></p>
